sor of 11 and n.
11
Suppose -5*j + 10 = 0, -4*p + 0*p = -3*j - 98. Let u(c) = -c**2 + 5*c - 9. Let q be u(6). Let r = p + q. Calculate the highest common factor of r and 121.
11
Let d be (1 + 1)/(2/4). Let q be (-2)/4 - 123/(-6). What is the greatest common divisor of q and d?
4
Let q be (-3)/(-1 - 38/(-39)). Let g be -2 - ((1 - 12) + -4). Calculate the highest common factor of q and g.
13
Let w = -33 - 43. Let z = -50 - w. Calculate the greatest common factor of z and 52.
26
Let i be 3 - (436/(-28) - 3/7). Let m = 213 + -116. Let h = m + -40. Calculate the highest common factor of i and h.
19
Suppose -8 = -4*a - 0*a. Suppose a*z - 2 = -8, 5*s - 3*z - 69 = 0. Suppose 0 = -3*b + 268 + 20. Calculate the greatest common factor of s and b.
12
Suppose -5*i + 25 - 5 = 0. Let p be 110/4 + (-2)/i. Let l be 3114/p - 1/3. Calculate the greatest common factor of 23 and l.
23
Suppose k - 15 = 4*w, -3*w = 2*k - 11 + 3. Calculate the highest common divisor of k and 77.
7
Suppose 3*o - 8*o + 25 = 0. Let l(s) = 4*s + 4. Let v be l(o). What is the highest common divisor of 36 and v?
12
Let d(a) = a - 4. Let q be d(5). What is the highest common divisor of q and 1?
1
Let f = 20 + 3. Calculate the greatest common divisor of 207 and f.
23
Let v(a) = -a**3 - 5*a**2 + a + 3. Let p be v(-5). Let z = 1 - p. Suppose -2*o + 57 - z = 0. What is the greatest common factor of 9 and o?
9
Suppose -l - 6 = 4. Let w = l + 12. Let n be (0 + w)*(-4)/(-2). Calculate the greatest common factor of n and 44.
4
Let j = 27 + -12. Calculate the greatest common factor of j and 3.
3
Let f(v) = v**2 - 5*v - 3. Let p be f(6). Let s be 48/15 + -3 + (-499)/(-5). Suppose p*i = i + s. What is the highest common factor of i and 10?
10
Suppose 3*b + 5*k = -8, -b - 2*k - 12 = 2*k. Calculate the greatest common divisor of 4 and b.
4
Let g(y) = -5*y - 9 + y + 2*y - 3*y. Let w be g(-6). What is the highest common factor of 189 and w?
21
Suppose 3*x + 0 - 3 = 0. Suppose 0 = 2*o + x - 23. Calculate the highest common divisor of o and 88.
11
Suppose -7*d + 3*d = -576. Calculate the highest common divisor of d and 18.
18
Let w = 284 - -76. Calculate the highest common factor of 40 and w.
40
Suppose -7 = 4*d + m + 11, 6 = -3*m. Let c = -1 - d. Suppose 8 = -c*s + 5*s. What is the greatest common factor of s and 4?
4
Let l = -34 + 50. Calculate the greatest common divisor of 16 and l.
16
Let z be (10/6)/(3/99). Calculate the highest common divisor of z and 5.
5
Let g(l) = 6*l**2 + 2*l + 4. Suppose 2 = -3*w + 14. Let z be g(w). Calculate the greatest common factor of z and 27.
27
Suppose 0*g = -3*g - 66. Let q = 16 + g. Let b = q + 11. What is the greatest common factor of 50 and b?
5
Let c be 98 + 2 + (-20)/5. What is the highest common divisor of c and 24?
24
Let c(r) = 11*r - 92. Let k be c(9). What is the greatest common divisor of k and 77?
7
Let r be ((-3)/(-2))/(24/64). Suppose 2*m + r = 30. Calculate the greatest common divisor of m and 143.
13
Let b be ((-34)/8)/(4/(-16)). What is the greatest common factor of 17 and b?
17
Let f(w) = -11*w - 5. Let o be f(-5). Suppose -3*s = b - 62, 70 = 4*s + 4*b - 9*b. What is the greatest common factor of o and s?
10
Let j = 136 + -123. Calculate the greatest common factor of 169 and j.
13
Suppose -3*l - 3*u = -u - 315, -2*l + 229 = -5*u. Let b = l - 30. Let z = 158 - b. Calculate the greatest common factor of 9 and z.
9
Let j(z) = 22*z + 1. Let t be j(-1). Let w = t - -49. Suppose -2*c - 4*d + 0*d + 48 = 0, 27 = 3*c - 3*d. Calculate the greatest common divisor of c and w.
14
Let c(j) be the first derivative of j**4/4 - 2*j**3 + 5*j**2/2 - 1. Let s be c(6). Suppose -s = -z - 4*z. What is the highest common factor of 6 and z?
6
Let c be -1 + 0 - -4 - 3. Let j be (-4 - -9) + c + -1. Suppose -j*m = -2*m - 4. What is the highest common factor of 22 and m?
2
Suppose 0 = i + l - 3, 2*i - 34 = -l + 6*l. What is the greatest common divisor of i and 49?
7
Let c = 0 + 6. What is the greatest common divisor of c and 6?
6
Let x = 0 + 2. Suppose -35 = -5*g + 2*c, 5*c + 5 = -20. Let q = g + -3. Calculate the highest common factor of q and x.
2
Suppose 3*c - 7 + 3 = -5*g, -4*c + 20 = 3*g. What is the highest common divisor of 2 and c?
2
Let r = -46 - -66. Calculate the highest common factor of r and 30.
10
Let s = 2 - 6. Let z(i) = -13*i + 3. Let p be z(s). Calculate the highest common factor of 22 and p.
11
Suppose -33 - 111 = -9*t. Calculate the greatest common factor of 272 and t.
16
Suppose -3*g + 5*f = 2*g - 50, -3*f - 24 = -2*g. Suppose -z + 26 = -g. Calculate the greatest common factor of 48 and z.
16
Let y(t) = -2*t**2 + 50*t + 64. Let i be y(26). What is the highest common divisor of 20 and i?
4
Suppose 287 = 5*f - s, -s + 2*s = -3*f + 169. What is the highest common factor of f and 38?
19
Let u = -9 - -108. Calculate the greatest common factor of 66 and u.
33
Suppose 11*v - 15*v = 228. Let q = 152 + v. Calculate the greatest common divisor of q and 38.
19
Let o(g) = -15*g + 48. Let z be o(-16). Calculate the highest common factor of z and 32.
32
Let v be (-52)/6*(-6)/4. What is the greatest common divisor of v and 117?
13
Let q be 2/(2 - 0)*25. Let l(v) = -v**3 - v**2 + 4*v - 1. Let m be l(-3). Calculate the greatest common factor of m and q.
5
Suppose i + 5*a - 18 = 0, -4*i + 3*a - 2 = -5. Suppose 4*r - 24 = i*r. Suppose 0*c + r = c. What is the highest common divisor of c and 12?
12
Let d(x) = x**2 - 8*x + 8. Let t be d(7). Let g(i) = 41*i - 1. Let q be g(t). Calculate the highest common divisor of q and 8.
8
Let k(w) = -w - 3. Let i be k(-2). Let g be i*((-3)/(-3))/(-1). What is the highest common divisor of 3 and g?
1
Suppose -3*p - 1 = -i + 5, 4*i - 24 = -p. Suppose -2*v = -v - i. Let d(o) = -o**2 - 6*o - 2. Let c be d(-5). Calculate the greatest common factor of v and c.
3
Suppose 0*d - d = 0. Suppose 0 = -d*h - 3*h + 150. What is the highest common factor of 10 and h?
10
Let s = 3 - 0. Suppose -3*t + 0*t = 0. Suppose t = f - s*p - 11, 4*f + 0*p = -2*p + 30. Calculate the greatest common divisor of f and 64.
8
Let b = 1 - -16. Let t = b + 31. Let y(q) = q**2 - 8*q - 21. Let h be y(11). What is the highest common divisor of h and t?
12
Suppose 0 = -2*g - 38 + 56. Let n be ((-27)/(-12))/(2/16). What is the highest common divisor of g and n?
9
Let s = 2 + 6. What is the greatest common factor of s and 2?
2
Suppose -a - 26 + 169 = 0. What is the highest common factor of 13 and a?
13
Let m = 37 + -27. Calculate the greatest common factor of m and 2.
2
Let o be 3/5 - 688/(-20). Let p be (-6)/(-14) - (-5130)/o. Calculate the greatest common divisor of 21 and p.
21
Let t be 23*(-2 - (-5 - -2)). Suppose 2*k = v + 28, -t = -5*k + 4*v + 44. Calculate the greatest common factor of k and 45.
15
Suppose -v + 15 = 4*v, w + 5 = 3*v. Calculate the greatest common factor of w and 4.
4
Let z = 163 - 107. What is the greatest common factor of z and 8?
8
Let z = -9 - -16. Let u be (12/(-9))/(2/(-12)). Suppose 4*c + u - 316 = 0. What is the highest common factor of c and z?
7
Let m be (2*(-7)/2)/(-1). Calculate the highest common factor of m and 56.
7
Let y = -72 - -123. Suppose -3*d = s - 164, d = 5*s + 2*d - 848. Suppose -s = z - 6*z. What is the highest common factor of y and z?
17
Let s(f) = -f**2 + 14*f - 5. Let m be s(10). Let z = -20 + m. Calculate the highest common divisor of 165 and z.
15
Suppose 0 = -25*o + 37*o - 216. Suppose r = -4 + 13. Calculate the highest common divisor of o and r.
9
Let r(s) = -s**3 + 15*s**2 - 14*s + 11. Let d be r(14). Suppose 352 = 4*t - 2*t. Suppose -b = b - t. Calculate the greatest common factor of d and b.
11
Let z(g) = -22*g. Let o be z(2). Let v = o - -72. Let m = -534 + 538. Calculate the greatest common factor of m and v.
4
Let v = 3 - -1. Suppose 13 = m - 4*b, -3 = v*b - 7. Suppose -d + 19 - 2 = 0. What is the greatest common factor of m and d?
17
Let a be 49/1*(-1 - -2). Let d(h) = -h**3 - h**2 + 4*h + 3. Let w be d(-3). Let k = 16 - w. Calculate the greatest common factor of k and a.
7
Let s(b) = b**2 + 2*b - 4. Let p be s(-4). Suppose 8*q = 5*q + 96. Calculate the highest common factor of q and p.
4
Suppose c = -3*p + 207, 2*p - 4*c = -7*c + 131. Let l(x) = 2*x + 2. Let y be l(4). What is the highest common factor of y and p?
1